 by 4415?
693
What is the remainder when 114800 is divided by 22948?
60
What is the remainder when 1197894607 is divided by 110?
107
What is the remainder when 461751293 is divided by 675?
668
What is the remainder when 62788 is divided by 20109?
2461
What is the remainder when 162697 is divided by 27063?
319
Calculate the remainder when 1034720 is divided by 1549.
1537
What is the remainder when 1442988 is divided by 16?
12
Calculate the remainder when 10464085 is divided by 804928.
21
What is the remainder when 15349 is divided by 23?
8
Calculate the remainder when 13776918 is divided by 289.
288
Calculate the remainder when 31322131 is divided by 889.
883
What is the remainder when 7018542 is divided by 467?
466
Calculate the remainder when 56766144 is divided by 23.
5
Calculate the remainder when 4663613 is divided by 25.
13
What is the remainder when 21525 is divided by 2688?
21
What is the remainder when 387969 is divided by 245?
134
What is the remainder when 1488869 is divided by 797?
73
Calculate the remainder when 63937 is divided by 312.
289
Calculate the remainder when 6223293 is divided by 3534.
3453
Calculate the remainder when 121939 is divided by 10857.
2512
Calculate the remainder when 2317949 is divided by 11.
7
What is the remainder when 319778 is divided by 159852?
74
Calculate the remainder when 97853175 is divided by 100.
75
Calculate the remainder when 10717118 is divided by 1531014.
20
What is the remainder when 19790993 is divided by 329?
327
What is the remainder when 1407241 is divided by 22?
11
What is the remainder when 372531 is divided by 4424?
915
What is the remainder when 1143365 is divided by 190360?
1205
What is the remainder when 94243908 is divided by 41?
37
Calculate the remainder when 1004507 is divided by 639.
638
What is the remainder when 72317 is divided by 12884?
7897
What is the remainder when 984163 is divided by 506?
499
What is the remainder when 639982 is divided by 420?
322
Calculate the remainder when 1264957 is divided by 1774.
95
Calculate the remainder when 842938 is divided by 3.
1
What is the remainder when 14037720 is divided by 14?
4
Calculate the remainder when 47359 is divided by 1442.
1215
What is the remainder when 264922173 is divided by 4?
1
Calculate the remainder when 65329874 is divided by 10872.
26
Calculate the remainder when 1928972 is divided by 214280.
452
What is the remainder when 11304114 is divided by 120?
114
Calculate the remainder when 3392331 is divided by 17.
15
Calculate the remainder when 16731107 is divided by 2091387.
11
What is the remainder when 14462715 is divided by 21458?
23
What is the remainder when 116696 is divided by 55?
41
What is the remainder when 57535 is divided by 56803?
732
What is the remainder when 30018 is divided by 2500?
18
What is the remainder when 38785765 is divided by 53?
47
What is the remainder when 3100709 is divided by 614?
9
Calculate the remainder when 186066 is divided by 3799.
3714
What is the remainder when 5858378 is divided by 488?
426
Calculate the remainder when 459295 is divided by 3268.
1775
What is the remainder when 11125179 is divided by 3708252?
423
Calculate the remainder when 173754 is divided by 115.
104
Calculate the remainder when 44978 is divided by 11203.
166
Calculate the remainder when 8467136 is divided by 55.
51
Calculate the remainder when 488263 is divided by 61032.
7
What is the remainder when 87388 is divided by 1680?
28
What is the remainder when 38217221 is divided by 14223?
20
Calculate the remainder when 49310099 is divided by 315.
314
What is the remainder when 176154 is divided by 298?
36
Calculate the remainder when 9861367 is divided by 313.
302
Calculate the remainder when 9230192 is divided by 2966.
0
Calculate the remainder when 8902434 is divided by 542.
84
Calculate the remainder when 2771475 is divided by 143.
135
What is the remainder when 31729807 is divided by 16?
15
What is the remainder when 6008875 is divided by 1154?
1151
Calculate the remainder when 346161 is divided by 109.
86
What is the remainder when 156442 is divided by 156373?
69
What is the remainder when 760492 is divided by 135?
37
Calculate the remainder when 703679 is divided by 1684.
1451
Calculate the remainder when 1456123 is divided by 130.
123
Calculate the remainder when 5356082 is divided by 1317.
1160
Calculate the remainder when 1251455 is divided by 89385.
65
Calculate the remainder when 96086 is divided by 5057.
3
What is the remainder when 2173177 is divided by 1178?
945
What is the remainder when 11281163 is divided by 5582?
5523
Calculate the remainder when 3470224 is divided by 4181.
4175
Calculate the remainder when 40951743 is divided by 804.
3
What is the remainder when 888000 is divided by 5318?
5212
Calculate the remainder when 287239 is divided by 1918.
1457
What is the remainder when 11867 is divided by 963?
311
What is the remainder when 352893 is divided by 22055?
13
What is the remainder when 60994 is divided by 259?
129
What is the remainder when 2105009 is divided by 2105?
9
What is the remainder when 137977 is divided by 5519?
2
What is the remainder when 14384 is divided by 499?
412
Calculate the remainder when 1750290 is divided by 17860.
10
What is the remainder when 154799444 is divided by 116?
112
Calculate the remainder when 65100 is divided by 12345.
3375
What is the remainder when 322910 is divided by 4764?
3722
Calculate the remainder when 8744733 is divided by 7624.
5
What is the remainder when 1005462 is divided by 277?
229
Calculate the remainder when 2155557 is divided by 1246.
1223
What is the remainder when 8492265 is divided by 5968?
5769
Calculate the remainder when 1461182 is divided by 518.
422
What is the remainder when 353006 is divided by 4052?
482
What is the remainder when 20778224 is divided by 838?
14
Calculate the remainder when 250002 is divided by 1881.
1710
Calculate the remainder when 27009699 is divided by 148.
143
What is the remainder when 217258 is divided by 540?
178
Calculate the remainder when 27699387 is divided by 1065360.
27
Calculate the remainder when 2027359 is divided by 1366.
215
What is the remainder when 44179072 is divided by 3455?
3442
What is the remainder when 86477 is divided by 85888?
589
What is the remainder when 5866070 is divided by 1645?
0
What is the remainder when 534748689 is divided by 61?
58
What is the remainder when 79370 is divided by 239?
22
Calculate the remainder when 136006 is divided by 2962.
2716
Calculate the remainder when 13170 is divided by 10712.
2458
Calculate the remainder when 929141 is divided by 308.
213
Calculate the remainder when 26489299 is divided by 1378.
5
Calculate the remainder when 457835 is divided by 225.
185
Calculate the remainder when 202164 is divided by 168.
60
Calculate the remainder when 48663945 is divided by 92.
85
Calculate the remainder when 30384944 is divided by 3384.
8
Calculate the remainder when 563967193 is divided by 26.
23
What is the remainder when 318216028 is divided by 110?
108
Calculate the remainder when 66671719 is divided by 1904906.
9
Calculate the remainder when 2498880 is divided by 1249416.
48
What is the remainder when 6670507 is divided by 52?
51
Calculate the remainder when 1660532 is divided by 553502.
26
Calculate the remainder when 609130 is divided by 150.
130
What is the remainder when 2589795 is divided by 6051?
6018
Calculate the remainder when 930982 is divided by 241.
240
What is the remainder when 3260878 is divided by 101873?
942
What is the remainder when 17419113 is divided by 17?
12
Calculate the remainder when 844780 is divided by 763.
139
Calculate the remainder when 118410 is divided by 23648.
170
Calculate the remainder when 377113 is divided by 1270.
1193
Calculate the remainder when 251716946 is divided by 15732309.
2
Calculate the remainder when 181897 is divided by 45370.
417
Calculate the remainder when 42980277 is divided by 69435.
12
Calculate the remainder when 227530 is divided by 7583.
40
What is the remainder when 46615111 is divided by 9?
7
Calculate the remainder when 20518110 is divided by 6839288.
246
Calculate the remainder when 342887 is divided by 4286.
7
Calculate the remainder when 5283221 is divided by 293512.
5
Calcula